se 24 = 3*y + 2*c, v*y - 7 = 5*c + 25. What is the units digit of y?
8
Let i(s) = -s**3 - 10*s**2 - 16*s - 12. Let t(q) = -9*q**3 + q**2 - 3*q + 2. Let a be t(1). What is the tens digit of i(a)?
5
Let i = 1428 + -798. What is the hundreds digit of i?
6
Let g(m) = 5*m + 4. Let x(c) = 6*c + 3. Let k(l) = 5*g(l) - 4*x(l). Let h = -5 - 0. What is the units digit of k(h)?
3
Suppose -3*u = -2*t - 103, 0*u - 41 = -u - t. Suppose -2*b + 0*b + u = -3*k, 5*b - 127 = -4*k. What is the units digit of b?
3
Let j = 7 - 6. Let v(l) = -7*l**2 - 2*l + 2. Let q be v(j). Let f = q + 43. What is the units digit of f?
6
Let l(t) = t + 4. Let n be l(-2). Let m = n - -3. Suppose 0*x + 4*f = 2*x - 34, m*f - 16 = -2*x. What is the tens digit of x?
1
Suppose -3*c + 2360 = -2*d, -7*c + 2390 = -4*c + 4*d. What is the tens digit of c?
9
Suppose 347 = 3*l - 2941. Suppose -l = -7*x + 45. What is the units digit of x?
3
Suppose 5*a = -24 - 31. Let v = -10 - a. Suppose 2*b = 3*y + v, 0*y + 2*y - b = 0. What is the units digit of y?
1
Let g be (8/(-16))/(2/(-192)). Let i = g + 148. What is the tens digit of i?
9
Let m(z) = 2*z - z - 8 + 6. Let d be m(4). Suppose 24 = d*k - 108. What is the tens digit of k?
6
Suppose -t + 13 + 3 = 0. Let r = -26 + t. Let o = r + 22. What is the units digit of o?
2
Suppose -3*i + 9*i = 42. Suppose -1134 = -i*b + b. What is the hundreds digit of b?
1
Let f(q) = 9*q + 10. Let j(a) = 10*a + 9. Let u(t) = 3*f(t) - 4*j(t). Suppose 12 = -6*l + 2*l. What is the units digit of u(l)?
3
Let n(r) = -4*r + 7. Suppose -q + 60 = 4*q. Let m be (-90)/q + 3/2. What is the tens digit of n(m)?
3
Let j(f) = f**3 - 7*f**2 - 2*f. Let n be 6/(-21) + 58/7. Let x be j(n). Suppose 0*o - 41 = -o + 5*g, -o = 2*g - x. What is the units digit of o?
6
Let j be (-5481)/(-42) + (-2)/4. Suppose -5*c = -2*d - 715, -c + 2*d + d + j = 0. What is the tens digit of c?
4
Let c(h) = h**2 + 2*h + 1. Let g be c(-1). Let z(o) = o**2 - 15*o - 29. Let q be z(17). Suppose g = q*y + 14 - 74. What is the units digit of y?
2
Let m = 7 - 5. Suppose 7 = m*u - 1. Suppose 0 = 5*z + 3*k - 245, -2*z + 158 = z + u*k. What is the tens digit of z?
4
Let v(z) = -6*z**3 + z. Let r = -10 - -9. Let s be v(r). Suppose s*w = 4*w + 25. What is the units digit of w?
5
Let l be (15/45)/(2/12). Suppose l = g - 1. Suppose -g - 11 = -v. What is the units digit of v?
4
Let j(q) = 4*q**2 - 8*q + 2641. What is the hundreds digit of j(0)?
6
Suppose 2*i = 6, -5*b + 4 = -3*i + 3. Let c(m) = 74*m**2. Let d be c(-1). Suppose b*j + 81 = 5*n - 14, -2*j - d = -4*n. What is the units digit of n?
1
Let q be (2 - -7) + 3/3. Suppose -j + 0*j + 30 = 5*g, g - q = -j. Suppose -j*t - 4*u = -96, 19 = t + 2*u + 1. What is the units digit of t?
0
Suppose 2*c = -3*c + 60. Let f(b) = -b**3 - b**2 + 2*b - 3. Let z be f(-3). Let p = c - z. What is the units digit of p?
3
Let s = -37 + 32. What is the units digit of (-287)/s - (-28)/(-70)?
7
Let j(t) be the first derivative of 6*t**3 + t**2/2 - t + 2. Suppose 4*b - 1 = 3*q, -3*q + 2*b = -b. What is the tens digit of j(q)?
1
Let i = 309 + 478. What is the units digit of i?
7
Let a = 2884 + -1284. What is the hundreds digit of a?
6
Suppose 21*d + 11467 - 32656 = 0. What is the units digit of d?
9
Suppose -5*v + 3*m = -3442, -304 = 4*v - 3*m - 3057. What is the hundreds digit of v?
6
Let b(s) = 5*s**3 - 5*s**2 - s + 12. What is the tens digit of b(4)?
4
Let m be (44/12)/((-2)/6). Let z(c) be the second derivative of -c**4/12 - 2*c**3 + 6*c**2 + 14*c. What is the units digit of z(m)?
3
Let n be 36/(-63) + (-344)/(-14). Suppose -4*x - 4*f + n = 0, -4*f = -x + 3*x - 20. Suppose -x*c - 150 = -5*c. What is the tens digit of c?
5
Let z(v) = 2*v**2 - v - 1. Suppose 10 = 7*q - 3*q + 2*i, 8 = 5*q - 2*i. Let k be z(q). What is the tens digit of k*4*(-30)/(-24)?
2
Suppose -4*v + 4*y = -6 + 2, -5*v = 4*y - 32. Suppose -v*z + z = 0. Suppose z = 2*s - s - 11. What is the units digit of s?
1
Let y be (-3 - -1)/((-2)/515). Suppose 0 = 4*o - v + 755, y = -5*o + 4*v - 426. What is the units digit of ((-2)/(-6))/((-7)/o)?
9
Let l = 25 + -111. Let m = 136 + l. What is the tens digit of m?
5
Let i(d) = 8*d**2 + 36*d + 28. What is the units digit of i(-13)?
2
Let l = 68 + -70. What is the units digit of (l - -315)*(2/2)/1?
3
Suppose 683 = s - 5*d, -37*d = 3*s - 36*d - 1969. What is the hundreds digit of s?
6
Suppose -4062 = -3*l + 3*u, 3*l + 2*u - 3*u = 4054. What is the hundreds digit of l?
3
Suppose 3*a = 9, 151 = f + 4*a - 801. What is the hundreds digit of f?
9
Let x(z) = -9 + 0*z**2 - 2*z**2 - 1 - 14*z - 5*z. What is the units digit of x(-5)?
5
What is the hundreds digit of (148/(-111))/(4/(-918))?
3
Let d(w) = 4*w + 69. What is the hundreds digit of d(25)?
1
Let w(m) be the third derivative of m**4/24 + 2*m**3 + 15*m**2. Suppose 3*q - q = 0. What is the tens digit of w(q)?
1
Let i(f) = -3*f**3 + f - 1. Let w be i(1). Let r(b) = -23*b + 3. Let d be r(w). Suppose d = 8*k - 2*k. What is the units digit of k?
2
Let d(k) be the second derivative of 55*k**4/6 + k**3/6 - k**2 + 24*k. What is the units digit of d(1)?
9
Let l(w) = 8*w**2 + 12*w + 12. What is the units digit of l(-9)?
2
Suppose 0 = -2*r - 2*u + 8, -u = 4*r + u - 16. Suppose 0 = -r*f - 0*f + 12. Suppose m + 11 = 3*d - 2*d, -d + f = m. What is the units digit of d?
7
Let w(i) = -4*i - 15. Let y be w(-12). Suppose y + 25 = g - d, -2*g + 4*d + 116 = 0. What is the tens digit of g?
5
What is the units digit of ((-520)/(-48) + 1)*42?
7
Let y = -429 - -593. What is the tens digit of y?
6
Suppose 5*p + 4*h - 959 = 0, p - 189 = -0*h + 2*h. What is the units digit of p?
1
Suppose -r - r + 22 = i, -r - i = -10. Suppose 0 = -3*o + 5*o + r. What is the tens digit of o/27 - (-110)/9?
1
Let r(l) = 43*l + 2. Let q = -8 - -9. What is the units digit of r(q)?
5
Let n = -10 - -15. Suppose 0 = -o + 3*k + 35, 3*k + n + 7 = 0. Suppose o = 2*p - p. What is the tens digit of p?
2
Let y = 280 + -278. Let a be 0 + ((-4)/(-2) - 0). What is the tens digit of a*(y - 44/(-4))?
2
Let f(l) = 2*l**3 + 2*l**2 + 6*l + 4. Let r be f(5). Let g = r + -178. What is the tens digit of g?
5
Let i = 113 - -494. What is the units digit of i?
7
Suppose 368*n - 367*n - 236 = 0. What is the tens digit of n?
3
Suppose 5 = -3*g + h, 3*h = 5*g - h + 20. Let t be 1 + (3 - 2) + -2. Suppose 16 = 4*c - 2*b, g = -c - t*b - b + 4. What is the units digit of c?
4
Let g be 38*(2 + (-13)/2). Let a = g + 285. What is the hundreds digit of a?
1
What is the units digit of (-7)/(-35) - (129095/(-25) + 5)?
9
Suppose 0 = -5*b + 19 + 1. Suppose -2*r = q + 25 - 65, -3*q + 65 = -5*r. Let d = b + q. What is the tens digit of d?
3
Let k = 57 - 35. What is the tens digit of k?
2
Let a(g) = 8*g**2 - 4*g + 15. What is the units digit of a(6)?
9
Let d(o) = 111*o**2 + o. What is the hundreds digit of d(-2)?
4
Suppose 4*g + 4*n - 1196 = 0, 3*g - 5*n = -3*n + 872. What is the tens digit of g?
9
Suppose 0 = 16*i - 8944 + 1792. What is the tens digit of i?
4
Suppose 129 = -4*o + 665. Suppose k - 105 = -3*j, -5*j - 2*k + 41 = -o. What is the tens digit of j?
3
Suppose -4*f = -22 - 10. Suppose 27 - 291 = -f*l. What is the tens digit of l?
3
Let m = 31 - 31. Suppose -b - 2*l = -23, m - 20 = 4*l. Suppose 0 = -0*y + y - b. What is the tens digit of y?
3
Suppose -3*s - 7 = -5*m, 43 = 3*s - 0*s + 5*m. Let a be 4/((-3)/((-9)/s)). What is the units digit of a + (-2 - (-2 + 1))?
1
Let v = 236 - -81. What is the units digit of v?
7
Suppose -2*z - 3*z + 158 = 2*s, -s - 5*z + 84 = 0. Suppose -r + s = -211. What is the units digit of r?
5
Suppose 14 = 7*a - 0*a. Suppose 0 = 3*p - a - 85. What is the tens digit of p?
2
Suppose -2*o + 2*j = -20, -4*o + 58 = -0*o + 2*j. Suppose 0 = -18*v + o*v + 575. What is the hundreds digit of v?
1
Let g = -16 + 61. Suppose -4*b - 3*r = -99 - 26, 0 = -b + 2*r + g. What is the units digit of b?
5
What is the thousands digit of (45/(-120))/(2/(-16976))?
3
Let n = 12 - 3. Let h = 57 - 50. Suppose h*w = n*w - 80. What is the units digit of w?
0
Suppose -4*x - 265 = 5*d, d - 3*d + 2*x = 88. Let o = d - -89. What is the units digit of o?
0
Let f be (-316)/(-20) + (-2)/(-10). Let x be -3 - (-4)/(f/(-108)). Let l = x + 43. What is the tens digit of l?
1
Suppose 0 = o - 4 + 2. Suppose o*h - 60 = -4*h. Suppose 4*k -